3?
43, 1307701
What are the prime factors of 51934899?
3, 17311633
List the prime factors of 2377126605.
3, 5, 7, 37, 611873
List the prime factors of 117417243.
3, 31, 37, 34123
List the prime factors of 950168178.
2, 3, 863, 20389
List the prime factors of 141699150.
2, 3, 5, 19, 16573
What are the prime factors of 24989164?
2, 2029, 3079
List the prime factors of 1192770222.
2, 3, 7, 2897, 9803
What are the prime factors of 4196528917?
7, 19, 23, 1371863
List the prime factors of 913057977.
3, 13, 19, 53, 67, 347
List the prime factors of 47658411.
3, 5295379
List the prime factors of 321033908.
2, 13, 23, 181, 1483
What are the prime factors of 117569921?
7, 157, 106979
List the prime factors of 287269385.
5, 13, 4419529
List the prime factors of 149944913.
17, 41, 43, 5003
List the prime factors of 117598556.
2, 769, 38231
List the prime factors of 53456710.
2, 5, 31, 172441
What are the prime factors of 3061600227?
3, 7, 17, 223, 4273
What are the prime factors of 333864567?
3, 1033, 35911
List the prime factors of 174552308.
2, 7, 43, 139, 149
What are the prime factors of 814047805?
5, 17, 9577033
What are the prime factors of 1359784570?
2, 5, 1753, 77569
List the prime factors of 11312695.
5, 19, 193, 617
List the prime factors of 1259715074.
2, 823, 765319
List the prime factors of 1194352500.
2, 3, 5, 11, 31, 467
What are the prime factors of 1912189336?
2, 19, 12580193
What are the prime factors of 12649703?
11, 104543
List the prime factors of 368969387.
368969387
List the prime factors of 61617832.
2, 31, 367, 677
What are the prime factors of 7263885?
3, 5, 484259
What are the prime factors of 1959112251?
3, 101, 2371
What are the prime factors of 2618405999?
11, 21639719
List the prime factors of 1335482841.
3, 7, 11, 5781311
List the prime factors of 1767769238.
2, 4799, 184181
List the prime factors of 953743138.
2, 11633, 40993
What are the prime factors of 2006234735?
5, 401246947
List the prime factors of 3768248.
2, 11, 42821
What are the prime factors of 612842704?
2, 38302669
What are the prime factors of 640128446?
2, 977, 327599
List the prime factors of 39349140.
2, 3, 5, 137, 4787
What are the prime factors of 1124979816?
2, 3, 19, 2467061
List the prime factors of 89170181.
59, 151, 10009
List the prime factors of 350920625.
5, 11, 51043
What are the prime factors of 468261072?
2, 3, 103, 131, 241
List the prime factors of 166488740.
2, 5, 11, 89, 773
List the prime factors of 1020676732.
2, 19, 1123, 11959
List the prime factors of 660089521.
7, 13, 373, 19447
List the prime factors of 3547347495.
3, 5, 67, 373, 9463
What are the prime factors of 72768390?
2, 3, 5, 2425613
List the prime factors of 109532568.
2, 3, 19, 240203
What are the prime factors of 42191772?
2, 3, 7, 43, 11681
What are the prime factors of 631843798?
2, 31, 10191029
What are the prime factors of 907811480?
2, 5, 22695287
What are the prime factors of 43303113?
3, 7, 71, 461
What are the prime factors of 182333334?
2, 3, 5297, 5737
List the prime factors of 157200762.
2, 3, 107, 244861
What are the prime factors of 5582518517?
61, 4993, 18329
List the prime factors of 4820911826.
2, 23, 104802431
What are the prime factors of 2692152455?
5, 41, 601, 21851
List the prime factors of 1879257417.
3, 31, 37, 546137
What are the prime factors of 47020968?
2, 3, 659, 991
List the prime factors of 347010211.
59, 163, 36083
List the prime factors of 33606529.
11, 1171, 2609
What are the prime factors of 94002931?
11, 8545721
List the prime factors of 1227852228.
2, 3, 29, 3528311
What are the prime factors of 688656284?
2, 37, 67, 1877
What are the prime factors of 1003513332?
2, 3, 17, 29, 169627
List the prime factors of 34018516.
2, 7, 1214947
List the prime factors of 12991107.
3, 37, 117037
List the prime factors of 431200288.
2, 19, 709211
What are the prime factors of 2605900431?
3, 709, 1225153
What are the prime factors of 5892587878?
2, 2946293939
What are the prime factors of 62556007?
62556007
List the prime factors of 901754718.
2, 3, 150292453
What are the prime factors of 4684120?
2, 5, 7, 16729
What are the prime factors of 7677058634?
2, 7, 23, 643, 5297
What are the prime factors of 18585393?
3, 317, 19543
What are the prime factors of 38167992?
2, 3, 17, 31183
List the prime factors of 154216222.
2, 37, 2084003
What are the prime factors of 552174536?
2, 69021817
What are the prime factors of 1920354431?
113, 16994287
What are the prime factors of 743012982?
2, 3, 17, 67, 36241
List the prime factors of 3122951524.
2, 7, 11, 10139453
List the prime factors of 1277841714.
2, 3, 212973619
What are the prime factors of 1206337985?
5, 241267597
List the prime factors of 53519626.
2, 173, 154681
What are the prime factors of 2461664824?
2, 967, 318209
List the prime factors of 1745892450.
2, 3, 5, 43, 90227
What are the prime factors of 590087490?
2, 3, 5, 1381, 14243
List the prime factors of 26776953.
3, 7, 141677
List the prime factors of 291961380.
2, 3, 5, 4866023
What are the prime factors of 1603704706?
2, 89, 1543, 5839
What are the prime factors of 75288620?
2, 5, 11, 53, 587
What are the prime factors of 39240992?
2, 7, 167, 1049
List the prime factors of 3663743280.
2, 3, 5, 15265597
What are the prime factors of 224613398?
2, 181, 233, 2663
What are the prime factors of 41103280?
2, 5, 17, 30223
What are the prime factors of 3717103879?
37, 8167, 12301
List the prime factors of 4392881061.
3, 6737, 217351
List the prime factors of 5417772204.
2, 3, 13, 34729309
List the prime factors of 393593160.
2, 3, 5, 643, 5101
List the prime factors of 815786911.
131, 617, 10093
What are the prime factors of 18286229?
13, 1406633
What are the prime factors of 211170482?
2, 105585241
What are the prime factors of 32421769?
67, 483907
What are the prime factors of 206116832?
2, 587, 10973
What are the prime factors of 145654425?
3, 5, 7, 92479
List the prime factors of 4964823.
3, 43, 12829
What are the prime factors of 31702726?
2, 11, 269, 487
List the prime factors of 602156665.
5, 11, 1367, 8009
List the prime factors of 141885877.
7, 97, 208963
What are the prime factors of 736319437?
7, 47, 2238053
What are the prime factors of 482022?
2, 3, 61, 439
List the prime factors of 15654508.
2, 3913627
List the prime factors of 41308334.
2, 17, 191, 6361
List the prime factors of 218832834.
2, 3, 11, 3315649
What are the prime factors of 4858794648?
2, 3, 151, 446909
What are the prime factors of 4298950224?
2, 3, 521, 57301
List the prime factors of 157044433.
7, 13, 132751
List the prime factors of 81595406.
2, 1019, 40037
List the prime factors of 106988546.
2, 7, 7642039
List the prime factors of 5899913996.
2, 53, 1031, 26993
What are the prime factors of 3391646271?
3, 13, 227, 383107
What are the prime factors of 39502391?
4457, 8863
What are the prime factors of 3480463206?
2, 3, 11, 19, 925163
What are the prime factors of 164588158?
2, 7, 1679471
What are the prime factors of 5058379?
163, 31033
List the prime factors of 14160540.
2, 3, 5, 53, 61, 73
What are the prime factors of 3137774074?
2, 29, 1009, 53617
List the prime factors of 1476022678.
2, 13, 4366931
What are the prime factors of 402365857?
402365857
List the prime factors of 9729286.
2, 7, 487, 1427
What are the prime factors of 2338724154?
2, 3, 13, 1237, 24239
What are the prime factors of 1441403979?
3, 83, 5788771
List the prime factors of 7582424.
2, 947803
List the prime factors of 483063684.
2, 3, 40255307
List the prime factors of 3227154858.
2, 3, 29, 61, 11261
List the prime factors of 523036005.
3, 5, 34869067
What are the prime factors of 359017360?
2, 5, 13, 59, 5851
What are the prime factors of 2056904613?
3, 17, 43, 53, 347
List the prime factors of 6531907990.
2, 5, 653190799
List the prime factors of 43480348.
2, 211, 51517
What are the prime factors of 91652216?
2, 997, 11491
List the prime factors of 44672532.
2, 3, 17, 23, 9521
What are the prime factors of 917275570?
2, 5, 43, 449, 4751
What are the prime factors of 654865774?
2, 53, 6177979
List the prime factors of 967835001.
3, 7, 46087381
List the prime factors of 55491155.
5, 11098231
List the prime factors of 27992387.
17, 37, 191, 233
What are the prime factors of 112076801?
17, 19